culate the highest common factor of 36 and o.
4
Let g = -158 + 305. Calculate the highest common divisor of 21 and g.
21
Let k(b) = b**2 + 2*b - 2. Let o be k(2). What is the highest common factor of 30 and o?
6
Let b(w) = 3*w - 2. Let g be b(3). Suppose 0 = -3*p + g*p - 8. What is the highest common factor of 6 and p?
2
Suppose 0 = -2*w - 3*w + 405. Let t = w + -45. Calculate the highest common factor of t and 24.
12
Suppose -154 = 2*z - 4*z. Let k = z + -38. Calculate the highest common factor of k and 13.
13
Let v = 20 + 28. Let d = 21 + -15. Calculate the highest common divisor of d and v.
6
Let s be 4/6*-12 + 2. Let d be (1 + s + 3)*-11. Let c = -13 + d. Calculate the greatest common factor of c and 36.
9
Let c(g) = -g**3 - 3*g**2 + 4*g - 3. Let l be c(-4). Let o be 33 - (4 + 2)/l. Calculate the greatest common factor of 14 and o.
7
Let u = 4 + 31. Suppose 0 = s - 0 - 7. Calculate the greatest common divisor of s and u.
7
Let b(z) = 2*z. Let p be b(-3). Let k be (-156)/(p/(-2)) - 1. Let m = k - -86. What is the highest common factor of 11 and m?
11
Suppose 3*i - i - 14 = 0. Suppose 3*x + 332 = i*x. Suppose 4*m - 37 = x. Calculate the greatest common factor of m and 20.
10
Let q(u) = 2*u**2 + 2*u + 1. Let j(l) = 2*l**2 + 3*l. Let r be j(-2). Suppose r*b = b - 2. Let c be q(b). Calculate the greatest common factor of c and 20.
5
Suppose 9*l = 347 - 104. Calculate the greatest common divisor of 18 and l.
9
Let f(q) be the third derivative of -q**4/6 + q**3/6 + 3*q**2. Let u be f(-2). Calculate the greatest common factor of u and 1.
1
Suppose -2*h = -5*m - 205, -h = 3*m - 0*m - 130. Calculate the greatest common divisor of h and 23.
23
Let m = 44 + -26. Suppose 0 = 2*d - 2*q - 8, -3*q = -2*q + 1. Let s be (18/8)/(d/12). Calculate the highest common factor of s and m.
9
Suppose -m = -24 - 3. What is the highest common divisor of 9 and m?
9
Suppose 0*b - b - 7 = x, 4*x = -5*b - 28. Let o = x + 10. Calculate the highest common divisor of 6 and o.
3
Suppose m = -2*m + 132. Suppose 3*u + 2*x = 12, 5*u + 3*x + 0*x - 20 = 0. Suppose -6 = -u*q + 258. What is the highest common divisor of q and m?
22
Let g = 138 - 58. Let p(d) = d**2 - 2*d - 3. Let j = 5 - -2. Let c be p(j). Calculate the greatest common factor of c and g.
16
Suppose -1 - 3 = -2*a, -3*x + 16 = -4*a. What is the highest common divisor of 16 and x?
8
Suppose 3*t + h = 59, 2*t - 4*t + 3*h = -43. What is the highest common factor of t and 130?
10
Let v(p) = p**3 + 4*p**2 + 4*p + 4. Let z be v(-3). Calculate the highest common factor of 11 and z.
1
Suppose 2*t - 2*a - 301 = -t, 0 = 3*t - 5*a - 307. Suppose -5*m + 2*m = -27. What is the highest common factor of t and m?
9
Suppose -4*i = -3*d + i - 212, d - i = -70. Let b = d + 164. Calculate the greatest common factor of 19 and b.
19
Suppose -y - 1 - 2 = 5*k, 5*y = 4*k + 14. What is the greatest common factor of y and 3?
1
Let o(y) = -y**2 + 16*y - 9. Let u be o(13). Calculate the greatest common divisor of u and 330.
30
Let r(o) = -30*o - 4. Let w be r(-6). Calculate the greatest common factor of 22 and w.
22
Suppose 0 = 3*x - 37 + 10. What is the greatest common factor of 18 and x?
9
Suppose -44 = -5*t + 5*o + 31, t - 13 = 3*o. Calculate the greatest common divisor of 112 and t.
16
Let v be (-6 + 8)/(2/(-8)). Let u(b) = -2*b - 6. Let l be u(v). Calculate the highest common factor of l and 110.
10
Let s be 6*(9 - (-3 + 0)). Suppose 3*v - 16 = -4*o, 3*v + o = -2*o + 21. Calculate the highest common factor of v and s.
12
Suppose -2*w + 4*q - 2*q = -16, w + 3*q + 12 = 0. Calculate the highest common factor of w and 6.
3
Suppose 13*i = 378 - 131. Suppose -136 = -w + y - 2*y, -4*w - y = -535. Calculate the highest common factor of w and i.
19
Let l = -852 + -635. Let v be l/(-11) - 4/22. Calculate the greatest common factor of 15 and v.
15
Suppose -2*n = -0*n - 104. Let a(u) = u**3 + 4*u**2 + 4. Let p be a(-3). What is the greatest common divisor of n and p?
13
Let n be 5/1*(-6)/(-6). Suppose -n*a + 36 = -a. What is the greatest common factor of a and 9?
9
Suppose -1 = j - 5. Let u be (-353)/(-4) - j/16. Calculate the highest common divisor of u and 8.
8
Let p be -3*(-150)/9 + -5. Calculate the highest common factor of 9 and p.
9
Let t(w) = -w**3 + 7*w**2 - 2*w + 4. Let p be t(6). Let m = p - 11. What is the greatest common factor of m and 136?
17
Let b(f) = 2*f**2 - 6*f + 2. Let r be b(4). Let p be -6*2 + 3 - 1. Let y be 322/4 - (-5)/p. What is the highest common factor of r and y?
10
Let o = 612 + -370. Calculate the highest common divisor of 22 and o.
22
Let k be 6 + (-2)/1 + 1. Suppose 0 = k*w - 4*w - 88. Calculate the greatest common factor of 11 and w.
11
Suppose -2*o + 22 = -34. Let q = 38 - 34. Calculate the highest common factor of o and q.
4
Let t = 21 - 14. What is the greatest common divisor of 98 and t?
7
Suppose 0 = 11*s - 14*s + 9. Suppose -p + 40 = s*t, -3*t = p + 4*p - 32. What is the highest common factor of t and 42?
14
Suppose -j + 5*u - 3 = 0, -3*j + j + 39 = 5*u. What is the highest common divisor of 96 and j?
12
Let p(d) = 42*d**3 + 2*d**2 - 2*d + 1. Let q be p(1). Let r = q - -45. Let u be 78/10 + 1/5. What is the highest common factor of r and u?
8
Suppose -z = -1 - 71. Calculate the highest common factor of 9 and z.
9
Let a(v) = v + 9. Let j be a(-5). Let y be (-218)/(-4) - j/(-8). Suppose -5*x + y = -4*x. What is the greatest common divisor of x and 11?
11
Let f = 72 - 50. Calculate the greatest common factor of f and 11.
11
Suppose 37 = -4*o + 169. What is the highest common divisor of o and 22?
11
Let n be (35/21)/((-1)/(-9)). Calculate the greatest common divisor of 15 and n.
15
Let g be 0 + (5 - 3) + 150. Let b(k) be the first derivative of 5*k**2/2 - k + 2. Let o be b(4). Calculate the highest common divisor of o and g.
19
Suppose -2*u = a - 22, 0*u - 70 = -5*u + 5*a. What is the greatest common divisor of u and 12?
12
Suppose -4*t = -5*n - 2 + 1, -9 = -3*t + n. What is the greatest common divisor of t and 4?
4
Let x be 472/20 - 2/(-5). Calculate the greatest common factor of 60 and x.
12
Suppose a = 5*q + 108, -4*a + 9*a + 3*q = 428. Calculate the greatest common divisor of 8 and a.
8
Suppose -3*s - 18 = -66. Let w(n) = n + 9. Let k be w(-5). What is the greatest common factor of k and s?
4
Let m = 87 - 52. Let d(h) = h**3 - h**2 + h - 1. Let b be d(2). Let o(r) = -r**2 + 4*r + 12. Let k be o(b). What is the greatest common divisor of k and m?
7
Suppose 4*b + 28 = -4*q, 0*b - 3*b + q - 21 = 0. Let p be (-11 + 5)*b/1. Calculate the greatest common factor of p and 7.
7
Suppose 0 = 2*d + 6, 4*t + d = -11 + 44. Let u(o) = 2*o**2 + o. Let n be u(1). Let z = t + n. What is the highest common divisor of z and 84?
12
Let k = 18 - 10. Suppose -3*q + 10 = -26. What is the greatest common factor of q and k?
4
Suppose -10 = 2*k - 4. Let z(s) = -3*s**2 + 4*s**2 + 0*s - 2*s - 2*s. Let j be z(k). Calculate the highest common factor of 14 and j.
7
Suppose 142 = 2*k + q, -2*q = -0*q - 4. Calculate the greatest common divisor of k and 14.
14
Let n be ((-20)/4 + 3)*-18. What is the greatest common divisor of 27 and n?
9
Let m = -63 - -206. Suppose -4*f + 4 = 4*k, 0*f + 2*f - 14 = k. Suppose 0 = -f*r + 5*w + 90, 60 = -r + 6*r + w. Calculate the highest common factor of m and r.
13
Let m(p) = p**3 - 13*p**2 - 13*p - 8. Let k be m(14). Let j(g) = -8*g**3 + 2*g**2 + 2*g + 1. Let v be j(-1). What is the highest common divisor of k and v?
3
Let j be 36/30*15/9. Calculate the greatest common divisor of 10 and j.
2
Let o be (-6)/12*(-10)/(0 + 1). Calculate the highest common divisor of 55 and o.
5
Let z(v) = v - 4. Let r be z(0). Let p = r + 1. Let a be 3/(-3 + p)*-96. What is the greatest common divisor of a and 72?
24
Let q(y) = y**3 + 2*y**2 - 2*y. Let z be q(4). Let m be 1/(-3)*(2 - 53). Suppose -2*n + m = 1. Calculate the highest common divisor of z and n.
8
Let m(k) = k**2 - 3*k - 10. Let b be m(-5). Let q = 185 + -110. Calculate the greatest common divisor of q and b.
15
Let i = -18 - -25. What is the highest common divisor of i and 1?
1
Let r(l) = 3*l**2 - 7. Let g be r(-3). What is the highest common factor of g and 220?
20
Let h be -18*8/(-36)*3. What is the highest common divisor of 96 and h?
12
Let k be (2/6)/(1/6). Suppo